+ d. Is t composite?
False
Let q(p) be the third derivative of p**4/12 - p**3/3 + p**2. Let g be q(2). Suppose 3*v + 4*d = 58, 0 = d + 4 - g. Is v composite?
True
Let n(t) = -3*t - 6. Let d be n(-6). Suppose -5*s - 5*u = -95, -u + 21 = 2*s - d. Is s a composite number?
True
Let x be 2 - (2 + -1 - 1). Suppose -n + 11 + x = 0. Let k = 34 - n. Is k a prime number?
False
Suppose 4*u + 5 = 21. Let j = -24 + 247. Suppose -m - j = -3*x + 3*m, x = -u*m + 85. Is x a prime number?
False
Let g = -13 - -16. Suppose -455 = -g*i - 2*i. Is i a composite number?
True
Let s be (1 - 0)/((-3)/6). Is 103/(-2)*(-4 - s) prime?
True
Suppose 4*o = -4*j - 12, 0*o - 45 = 5*o - 5*j. Is 73 + 4*3/o composite?
False
Suppose 3*f = -3*m + 588 - 2775, 3*f = 3*m - 2157. Let a = 1131 + f. Is a a prime number?
False
Let m = 121 + -41. Let d = m + -43. Is d a prime number?
True
Is (-4386)/(-10) - ((-26)/(-10) + -3) a composite number?
False
Let y be 2*6*(-10)/8. Let r = y - -24. Is r prime?
False
Let a = 2394 + -1135. Is a a prime number?
True
Suppose -5*b - 1 - 9 = 0. Let s be (2*(-2)/b)/2. Is s + 43/(-2)*-4 a composite number?
True
Suppose 5*i - 2*c - 2 = 0, 2*i - 5*c + 11 + 5 = 0. Let p be (-1)/(-3)*(i + 4). Suppose -5*u = 5*k - 105, 37 = p*k + 4*u + 3. Is k a prime number?
False
Let q be 4/(-10) - (-36)/15. Suppose -q*b - 2*y = -294, 0 = -0*y - y + 4. Is b composite?
True
Is -10*(1 - 29 - 2) + -2 composite?
True
Suppose 2 = o - 2. Suppose -3*p = -0*p - 6, 2*d + o*p = -10. Is d/6*(-74)/3 composite?
False
Let w = 1282 + -597. Is w prime?
False
Let m(v) = 4 + v**2 - 2*v**2 - 2 + 23*v**3 - 3*v. Let b be m(2). Suppose b = 5*p - 219. Is p prime?
True
Suppose -5*p - 5746 = -4*v, -4 + 0 = -2*p. Is v a prime number?
True
Let n = 1093 + -470. Is n prime?
False
Suppose -h - 3*h + 4*b = -8, 5*b = -5*h - 30. Let n be (-26)/(-7) + h/(-7). Suppose -u + n*g = -11, -g + 6*g = -4*u + 86. Is u a prime number?
True
Let z(l) = 315*l**2 + l - 3. Is z(2) prime?
True
Let g = -3 + 2. Let d be ((-12)/9)/(g/111). Let u = d - 97. Is u prime?
False
Let r(q) be the second derivative of 1/2*q**3 - 1/3*q**4 + 0 + 1/20*q**5 - 3*q - 1/2*q**2. Is r(4) prime?
True
Let c(f) = f + 4. Let n be c(0). Suppose 2*t = n*t - 4. Let v = 5 - t. Is v prime?
True
Let n(u) be the first derivative of -u**5/60 - u**4/6 + 2*u**3/3 + u**2 - 2. Let z(d) be the second derivative of n(d). Is z(-3) a prime number?
True
Let g(j) = 3*j**2 + 2. Let h(b) = b**2 + 1. Let z(c) = -g(c) + 6*h(c). Let n be z(-10). Let s = -171 + n. Is s prime?
False
Let c(l) = l**3 + 6*l**2 - 2*l + 6. Let s be c(-5). Let i = -61 + s. Let v = 179 + i. Is v prime?
False
Let y(k) = -k**3 + 7*k**2 - 7*k + 4. Let n be y(5). Let c = 7 - -29. Suppose o = c + n. Is o composite?
True
Let x be (993/9)/(7/63). Suppose -4*h + g + 800 = -g, 5*h + g = x. Is h composite?
False
Let c = 6 - 3. Let l be 4/c + (-2)/6. Is l/2*148/2 a prime number?
True
Let p = -178 - -365. Is p a prime number?
False
Is (2/5)/(4/1130) composite?
False
Let w(c) = c**3 + 10*c**2 + 7*c - 8. Let f be w(-8). Suppose n = -3*t + f, t - 2*n - 5 = 14. Is t composite?
True
Suppose i + 6 = -2*i - 4*x, i = -5*x - 13. Suppose -m + 2*m = u + 235, 0 = 2*m + i*u - 462. Is m prime?
True
Let q = 22 + 11. Suppose -2*m - m = -558. Suppose 0 = -5*n - 2*y + q + 242, -3*y = -3*n + m. Is n prime?
False
Let l = -33 - 1. Is 2/(-17) - 5070/l prime?
True
Let w = 21 - 11. Let i be (w - 11)/(1/(-26)). Is (2 - 3) + -2 + i prime?
True
Suppose -262 = -2*d + 458. Suppose -f - 3*f - d = -4*y, -300 = -3*y - 3*f. Is y composite?
True
Is 1/(-2) - -1 - 26115/(-30) a prime number?
False
Is 2 - 6 - -7*23 a composite number?
False
Suppose 2 = -p, -4*w + p = -3*w - 91. Let b = 0 + w. Is b composite?
False
Let x = -40 + 119. Is x a composite number?
False
Let p = 1086 + -1528. Let j = -257 - p. Is j a prime number?
False
Let n = -12 + 17. Suppose -3*c = -2*c + y - 123, 3*y = -n*c + 615. Is c composite?
True
Let r be 54/45*(-5)/(-2). Let m be 1 + -1 + 16 + 0. Suppose -2*z - 6 = z, r*z = d - m. Is d a composite number?
True
Suppose -3 = 5*h - w, 3*h + w - 1 = 2. Suppose h = -3*m + q + 77, 0 = -2*m - 0*q - 3*q + 44. Is m composite?
True
Let g = -8215 - -12936. Is g prime?
True
Let r be (4 - (2 - 0)) + 0. Suppose -a - r = -2*y - 0*y, -2*a - 4 = 4*y. Let v(x) = -x**3 + x + 11. Is v(y) composite?
False
Suppose -2*u = -481 - 261. Suppose -w + u = -4*l, 0 = -w - 4*l + 353 + 18. Is w prime?
False
Suppose 2*m = 4*t - 90, -48 = -2*m + 3*m + t. Let k = m - -202. Is k composite?
True
Let i(h) = 9*h - 14. Is i(8) a composite number?
True
Let v(m) = m - 1. Let s be v(9). Let d(a) be the third derivative of a**5/30 - a**4/2 + a**3/3 + 2*a**2. Is d(s) prime?
False
Let p(d) = 2*d**3 - 11*d**2 + 6*d + 14. Is p(9) composite?
True
Let y(l) = l**3 + 8*l**2 + 8*l + 16. Let m = 8 + -19. Let t be y(m). Let r = t - -622. Is r a prime number?
False
Let w = -1485 + 3031. Is w prime?
False
Let k be 3 + -2 + -3 - -43. Let t = 108 - k. Is t a composite number?
False
Let i(t) = t - 2. Let f be i(6). Suppose 5*k - 2*m - 23 = 0, 3*k = -0*k + f*m + 11. Suppose 85 = k*a - 90. Is a prime?
False
Let n be (-1 + -1)/(6/(-9)). Suppose -n*k = -5*u + 102, 3*u - 82 = -u + 2*k. Is u a prime number?
False
Suppose -3*r + 8*r - 225 = 0. Suppose -4*f + 175 = -r. Is f a prime number?
False
Let p(v) = v**3 + 6*v**2 + 4*v + 2. Let s(f) = 2*f**3 + 11*f**2 + 7*f + 4. Let j(c) = 5*p(c) - 2*s(c). Is j(-5) composite?
False
Is 2 + -2 - -985 - 2 composite?
False
Let n = 4333 - 2211. Suppose -4 = -4*d, n = 4*v + 2*d + 772. Suppose 2*a = 405 + v. Is a a composite number?
True
Let h = -1075 - -2556. Is h composite?
False
Let z(f) = f**3 - 11*f**2 - 10*f - 4. Suppose 48 = 3*a + a - 3*j, 5*a = 2*j + 60. Let p be z(a). Suppose 2*u = 58 + p. Is u prime?
False
Let b = 22 - 8. Suppose -s = -0*s + b. Let h = 17 - s. Is h prime?
True
Let s = 15 - 15. Suppose s*w - 102 = -3*w. Is w a composite number?
True
Suppose -91 = -2*l + 2*i - 389, 0 = -l + 3*i - 151. Let n = -83 - l. Is n a prime number?
False
Suppose 0 = u + 2*w - 27, 43 = 4*u + 5*w - 56. Let z = 10 + u. Is z composite?
False
Suppose 4*r + 4 = -0*r. Is (r - 9)/(16/(-472)) a composite number?
True
Let s(j) = 22*j**2 + 5*j + 10. Is s(7) prime?
True
Let c(l) = -l - 15. Let r be c(-6). Let j = r + 42. Is j a prime number?
False
Let d = 400 - 137. Is d composite?
False
Let k(f) = -f**2 - 10*f - 12. Let n be k(-8). Suppose -181 - 307 = -c + o, o + 1949 = n*c. Is c a prime number?
True
Is (4 + -3)/(1/739) prime?
True
Suppose 0*y - 5*y = -1015. Is y a composite number?
True
Suppose -4*y = f - 387, 4*y = -y + 20. Is f a composite number?
True
Let u(d) = 3*d**2 - 5*d + 13. Let i be (18/(-8))/((-1)/4). Is u(i) prime?
True
Suppose -4*j + 10 + 4 = 2*n, n = 3. Let u = 8 - j. Is -70*(-1 - (-3)/u) composite?
True
Let m be (-1 - (2 + 1534)) + 0. Is m/(-5) + 8/(-20) composite?
False
Let k be (48/(-10))/3*-5. Let l(z) be the first derivative of -z**4/4 + 7*z**3/3 + 11*z**2/2 - 2*z + 3. Is l(k) prime?
False
Let r(u) = u**3 + 2*u**2 - 2*u + 493. Is r(0) prime?
False
Suppose 0 = -5*p + 3*l + 734, 3*l - 8 = -l. Is ((-42)/(-12))/(2/p) composite?
True
Let o be (0 - -1)/((-10)/50). Let q(w) = -2*w - 8*w - 3 - 4*w. Is q(o) composite?
False
Let t = 13 + -25. Let q be 58/(-6)*1*t. Let u = q - 1. Is u composite?
True
Let s be 22/5 + (-6)/(-10). Suppose -y = -k - s*y + 2, -y - 17 = -k. Is k a prime number?
False
Suppose 489 - 1544 = -5*h. Is h prime?
True
Suppose -8 = -3*o + 328. Let r be (122 - (-4)/(-1))/2. Let x = o - r. Is x composite?
False
Let k(s) = -s**2 + 20*s + 18. Is k(19) composite?
False
Suppose -q - 2*v = -179 - 6, 925 = 5*q + v. Is q prime?
False
Let q(x) = 3*x**2 + 2*x + 1. Let s(f) = f**2 + 4*f - 8. Let l be s(-6). Is q(l) prime?
False
Suppose -h = 4*h - 1015. Is h a prime number?
False
Let t(a) = a - 3. Let v be t(5). Suppose 6*l = v*l + 1048. Let y = 39 + l. Is y composite?
True
Let o(l) = 81*l**3 + 6*l**2 - 5*l + 6. Let d be o(4). Let t be d/7 - 10/35. Is -3 + 3/(6/t) a composite number?
False
Suppose 2*q + 5*o + 25 = 167, -5*q + 355 = -o. Let n = q - 34. Is n prime?
True
Let v be (5 - 2 - 1) + 0. Let c(f) = -6 + 4*f - f + f**v + f**2. Is c(4) prime?
False
Suppose 2*n = 5*y - n + 4, 3*n = -6. Is -37*1*(y + 1) a prime number?
True
Let n = 841 + 520. Is n a 